{"id":5,"date":"2013-05-10T23:03:38","date_gmt":"2013-05-10T21:03:38","guid":{"rendered":"http:\/\/papa.djks.de\/?page_id=5"},"modified":"2024-04-16T21:11:08","modified_gmt":"2024-04-16T19:11:08","slug":"was-haben-wir-vor","status":"publish","type":"page","link":"http:\/\/papa.djks.de\/?page_id=5","title":{"rendered":"Was geht ab ?"},"content":{"rendered":"<p>Seit vielen Jahren organisieren wir bereits das Papa-Wochenende, bei dem V\u00e4ter mit Ihren Kindern ein lustiges Wochenende verbringen. Denn oft bleibt zu wenig Zeit sich mal ausgiebig mit den Kindern zu besch\u00e4ftigen und mit Ihnen gemeinsame Aktivit\u00e4ten zu unternehmen. Im Kindergarten und in der Schule dominieren sowieso die Frauen das Geschehen. Also bieten wir M\u00e4nner uns und unseren Kleinen ein tolles Wochenende. Das Wochenende hat keinen festen Plan. Alles soll m\u00f6glichst zwanglos sein. Meinstens bieten wir eine kleine Wanderung am Samstag an aber die Teilnahme ist nicht verpflichtend. Es wird eher nach dem Moto verfahren: Jeder entscheidet selbst worauf er Lust hat. Wir k\u00f6nnen auf jeden Fall sagen dass es immer super war und es allen gefallen hat. Altersbeschr\u00e4nkungen gibt es keine, allerdings scheint fraglich ob noch 16- oder 17- j\u00e4hrige Interesse haben mit zu gehen. Hatten wir aber auch schon.<\/p>\n\n\n<p class=\"has-large-font-size\"><strong>2024<\/strong><\/p>\n\n\n\n<p>In 2024 gehen wir nach Brandmatt ins BK Landheim.<\/p>\n\n\n\n<h2 class=\"wp-block-heading has-large-font-size\"><strong>2023<\/strong><\/h2>\n\n\n\n<p>In dem Jahr waren wir im Feriendorf Sonnenmatte (Sonnenbu\u0308hl-Erpfingen). Die Anlage hat einen super guten Eindruck hinterlassen. Das Gel\u00e4nde war sehr gro\u00dfr\u00e4umig und es gab eine sehr sch\u00f6ne Grillstelle im Gr\u00fcnen. Am Samstag hatten wir eine sch\u00f6ne Wanderung mit den Kids zur B\u00e4renh\u00f6hle unternommen. Das hat m\u00e4chtig Spass gemacht und vor Ort war auch f\u00fcr Verpflegung gesorgt.<br><br>Auf dieser Webseite k\u00f6nnt Ihr Euch mehr informieren \u00fcber das Feriendorf Sonnenmatte: <a href=\"https:\/\/www.die-sonnenmatte.de\/\">https:\/\/www.die-sonnenmatte.de\/<\/a><\/p>\n\n\n\n<h2 class=\"wp-block-heading has-large-font-size\"><strong>2022<\/strong><\/h2>\n\n\n\n<p>In 2022 waren wir wieder im sch\u00f6nen Schramberg und die Betreiberfamilie hat uns mit gutem Essen und viel Grillgut versorgt!<br><br>Mehr unter: <a href=\"https:\/\/www.familienerholungswerk.de\/schramberg\/\">https:\/\/www.familienerholungswerk.de\/schramberg\/<\/a><\/p>\n\n\n\n<p><\/p>\n","protected":false},"excerpt":{"rendered":"<p>Seit vielen Jahren organisieren wir bereits das Papa-Wochenende, bei dem V\u00e4ter mit Ihren Kindern ein lustiges Wochenende verbringen. Denn oft bleibt zu wenig Zeit sich mal ausgiebig mit den Kindern zu besch\u00e4ftigen und mit Ihnen gemeinsame Aktivit\u00e4ten zu unternehmen. Im Kindergarten und in der Schule dominieren sowieso die Frauen das Geschehen. Also bieten wir M\u00e4nner [&hellip;]<\/p>\n","protected":false},"author":1,"featured_media":0,"parent":0,"menu_order":0,"comment_status":"closed","ping_status":"open","template":"","meta":{"footnotes":""},"class_list":["post-5","page","type-page","status-publish","hentry"],"_links":{"self":[{"href":"http:\/\/papa.djks.de\/index.php?rest_route=\/wp\/v2\/pages\/5","targetHints":{"allow":["GET"]}}],"collection":[{"href":"http:\/\/papa.djks.de\/index.php?rest_route=\/wp\/v2\/pages"}],"about":[{"href":"http:\/\/papa.djks.de\/index.php?rest_route=\/wp\/v2\/types\/page"}],"author":[{"embeddable":true,"href":"http:\/\/papa.djks.de\/index.php?rest_route=\/wp\/v2\/users\/1"}],"replies":[{"embeddable":true,"href":"http:\/\/papa.djks.de\/index.php?rest_route=%2Fwp%2Fv2%2Fcomments&post=5"}],"version-history":[{"count":14,"href":"http:\/\/papa.djks.de\/index.php?rest_route=\/wp\/v2\/pages\/5\/revisions"}],"predecessor-version":[{"id":659,"href":"http:\/\/papa.djks.de\/index.php?rest_route=\/wp\/v2\/pages\/5\/revisions\/659"}],"wp:attachment":[{"href":"http:\/\/papa.djks.de\/index.php?rest_route=%2Fwp%2Fv2%2Fmedia&parent=5"}],"curies":[{"name":"wp","href":"https:\/\/api.w.org\/{rel}","templated":true}]}}